{"id":804,"date":"2024-04-11T23:40:36","date_gmt":"2024-04-11T21:40:36","guid":{"rendered":"https:\/\/blog.macslab.de\/?page_id=804"},"modified":"2024-04-12T09:59:36","modified_gmt":"2024-04-12T07:59:36","slug":"allgemeiner-server-codex","status":"publish","type":"page","link":"https:\/\/blog.macslab.de\/?page_id=804","title":{"rendered":"Allgemeiner Server Codex"},"content":{"rendered":"\n<h2 class=\"wp-block-heading\"><strong>Community Codex der MaCs Gameserver Community<\/strong><\/h2>\n\n\n<figure style=\"width:250px;height:250px;\" class=\"alignright wp-block-post-featured-image\"><img loading=\"lazy\" decoding=\"async\" width=\"1024\" height=\"1024\" src=\"https:\/\/blog.macslab.de\/wp-content\/uploads\/2024\/04\/DALL\u00b7E-2024-04-12-09.50.37-A-digital-illustration-for-a-community-codex-page-showing-a-diverse-group-of-gamers-gathered-around-a-large-open-book-or-digital-tablet-that-display.webp\" class=\"attachment-post-thumbnail size-post-thumbnail wp-post-image\" alt=\"\" style=\"height:250px;object-fit:cover;\" srcset=\"https:\/\/blog.macslab.de\/wp-content\/uploads\/2024\/04\/DALL\u00b7E-2024-04-12-09.50.37-A-digital-illustration-for-a-community-codex-page-showing-a-diverse-group-of-gamers-gathered-around-a-large-open-book-or-digital-tablet-that-display.webp 1024w, https:\/\/blog.macslab.de\/wp-content\/uploads\/2024\/04\/DALL\u00b7E-2024-04-12-09.50.37-A-digital-illustration-for-a-community-codex-page-showing-a-diverse-group-of-gamers-gathered-around-a-large-open-book-or-digital-tablet-that-display-300x300.webp 300w, https:\/\/blog.macslab.de\/wp-content\/uploads\/2024\/04\/DALL\u00b7E-2024-04-12-09.50.37-A-digital-illustration-for-a-community-codex-page-showing-a-diverse-group-of-gamers-gathered-around-a-large-open-book-or-digital-tablet-that-display-150x150.webp 150w, https:\/\/blog.macslab.de\/wp-content\/uploads\/2024\/04\/DALL\u00b7E-2024-04-12-09.50.37-A-digital-illustration-for-a-community-codex-page-showing-a-diverse-group-of-gamers-gathered-around-a-large-open-book-or-digital-tablet-that-display-768x768.webp 768w, https:\/\/blog.macslab.de\/wp-content\/uploads\/2024\/04\/DALL\u00b7E-2024-04-12-09.50.37-A-digital-illustration-for-a-community-codex-page-showing-a-diverse-group-of-gamers-gathered-around-a-large-open-book-or-digital-tablet-that-display-80x80.webp 80w, https:\/\/blog.macslab.de\/wp-content\/uploads\/2024\/04\/DALL\u00b7E-2024-04-12-09.50.37-A-digital-illustration-for-a-community-codex-page-showing-a-diverse-group-of-gamers-gathered-around-a-large-open-book-or-digital-tablet-that-display-320x320.webp 320w\" sizes=\"auto, (max-width: 1024px) 100vw, 1024px\" \/><\/figure>\n\n\n<p>Willkommen in unserer Community! Hier streben wir danach, ein Umfeld zu schaffen, in dem sich jeder sicher und willkommen f\u00fchlt. Der folgende Codex gilt f\u00fcr alle unsere Server und dient dazu, eine positive, respektvolle und faire Spielumgebung zu gew\u00e4hrleisten. Verst\u00f6\u00dfe gegen diesen Codex k\u00f6nnen zum Ausschluss aus der Community bzw. der Server f\u00fchren.<\/p>\n\n\n\n<ol class=\"wp-block-list\">\n<li><strong>Respekt und Integrit\u00e4t<\/strong>: Wir verpflichten uns zu einem Umgang, der frei von Hass und Diskriminierung ist. Bel\u00e4stigungen, abwertende Kommentare oder feindseliges Verhalten gegen\u00fcber anderen aufgrund von Rasse, Geschlecht, Religion oder Herkunft sind strikt verboten.<\/li>\n\n\n\n<li><strong>Fair Play<\/strong>: Nutze keine Cheats, Exploits oder andere unfaire Taktiken. Unser Ziel ist es, allen eine faire und ehrliche Spielerfahrung zu bieten.<\/li>\n\n\n\n<li><strong>Gemeinschaft f\u00f6rdern<\/strong>: Unterst\u00fctze andere Spieler, sei konstruktiv und trage aktiv zu einer positiven Community bei. Gemeinsam machen die Spiele mehr Spa\u00df!<\/li>\n\n\n\n<li><strong>Spa\u00df haben<\/strong>: Das wichtigste Ziel unserer Community ist es, Spa\u00df zu haben. Wir wollen, dass jeder gute Erinnerungen an die Zeit auf unseren Servern hat.<\/li>\n\n\n\n<li><strong>Keine Werbung<\/strong>: Das Verbreiten von Werbung f\u00fcr andere Server oder kommerzielle Angebote ohne vorherige Genehmigung ist untersagt.<\/li>\n<\/ol>\n\n\n\n<p>Wir sind hier, um dir eine gro\u00dfartige Erfahrung zu bieten und dir zu helfen, wo wir k\u00f6nnen. Wenn du Fragen hast oder Unterst\u00fctzung ben\u00f6tigst, z\u00f6gere nicht, das Server-Team zu kontaktieren.<\/p>\n","protected":false},"excerpt":{"rendered":"<p>Community Codex der MaCs Gameserver Community Willkommen in unserer Community! Hier streben wir danach, ein Umfeld zu schaffen, in dem sich jeder sicher und willkommen f\u00fchlt. Der folgende Codex gilt f\u00fcr alle unsere Server&#46;&#46;&#46;<\/p>\n","protected":false},"author":1,"featured_media":861,"parent":0,"menu_order":0,"comment_status":"closed","ping_status":"closed","template":"","meta":{"footnotes":""},"class_list":["post-804","page","type-page","status-publish","has-post-thumbnail","hentry"],"_links":{"self":[{"href":"https:\/\/blog.macslab.de\/index.php?rest_route=\/wp\/v2\/pages\/804","targetHints":{"allow":["GET"]}}],"collection":[{"href":"https:\/\/blog.macslab.de\/index.php?rest_route=\/wp\/v2\/pages"}],"about":[{"href":"https:\/\/blog.macslab.de\/index.php?rest_route=\/wp\/v2\/types\/page"}],"author":[{"embeddable":true,"href":"https:\/\/blog.macslab.de\/index.php?rest_route=\/wp\/v2\/users\/1"}],"replies":[{"embeddable":true,"href":"https:\/\/blog.macslab.de\/index.php?rest_route=%2Fwp%2Fv2%2Fcomments&post=804"}],"version-history":[{"count":4,"href":"https:\/\/blog.macslab.de\/index.php?rest_route=\/wp\/v2\/pages\/804\/revisions"}],"predecessor-version":[{"id":863,"href":"https:\/\/blog.macslab.de\/index.php?rest_route=\/wp\/v2\/pages\/804\/revisions\/863"}],"wp:featuredmedia":[{"embeddable":true,"href":"https:\/\/blog.macslab.de\/index.php?rest_route=\/wp\/v2\/media\/861"}],"wp:attachment":[{"href":"https:\/\/blog.macslab.de\/index.php?rest_route=%2Fwp%2Fv2%2Fmedia&parent=804"}],"curies":[{"name":"wp","href":"https:\/\/api.w.org\/{rel}","templated":true}]}}